{"id":30,"date":"2019-07-29T13:06:27","date_gmt":"2019-07-29T11:06:27","guid":{"rendered":"http:\/\/fonetyka.info\/?page_id=30"},"modified":"2021-12-30T22:33:28","modified_gmt":"2021-12-30T21:33:28","slug":"fonetyka-kontakt","status":"publish","type":"page","link":"https:\/\/fonetyka.info\/index.php\/niemiecki-angielski-hiszpanski-francuski-wloski-rosyjski-polski\/fonetyka-kontakt\/","title":{"rendered":"Kontakt"},"content":{"rendered":"\n<iframe loading=\"lazy\" src=\"https:\/\/player.vimeo.com\/video\/453810365\" allow=\"autoplay; fullscreen\" allowfullscreen=\"\" width=\"640\" height=\"360\" frameborder=\"0\"><\/iframe>\n\n\n\n<h2>Fonetyka Szko\u0142a J\u0119zyk\u00f3w Obcych<\/h2>\n\n\n\n<p class=\"has-text-align-center\">ul. 11 Listopada 28<\/p>\n\n\n\n<p class=\"has-text-align-center\">05-825 Grodzisk Mazowiecki<\/p>\n\n\n\n<p class=\"has-text-align-center\">tel. 517 630 176<\/p>\n\n\n\n<p class=\"has-text-align-center\">e-mail: fonetyka@fonetyka.info<\/p>\n\n\n\n<p class=\"has-text-align-center\">strona: <a href=\"http:\/\/www.fonetyka.info\">www.fonetyka.info<\/a><\/p>\n\n\n\n<h2>Numer konta bankowego <\/h2>\n\n\n\n<p> 08 1020 1055 0000 9302 0515 1636 <\/p>\n\n\n\n<h2>Godziny pracy<\/h2>\n\n\n\n<p class=\"has-text-align-center\">PONIEDZIA\u0141EK &#8211; PI\u0104TEK:  15:00 &#8211; 21:00<\/p>\n\n\n\n<p class=\"has-text-align-center\">SOBOTA:  9:00 &#8211; 13:00<\/p>\n\n\n<p style=\"text-align: center;\"><code> <iframe loading=\"lazy\" style=\"border: 0;\" src=\"https:\/\/www.google.com\/maps\/embed?pb=!1m18!1m12!1m3!1d2450.4526221810675!2d20.62012311611375!3d52.1078928797383!2m3!1f0!2f0!3f0!3m2!1i1024!2i768!4f13.1!3m3!1m2!1s0x0%3A0x430b6d74cdea8946!2zRk9ORVRZS0EgU3prb8WCYSBKxJl6eWvDs3cgT2JjeWNo!5e0!3m2!1spl!2spl!4v1564857049057!5m2!1spl!2spl\" allowfullscreen=\"allowfullscreen\" width=\"600\" height=\"450\" frameborder=\"0\"><\/iframe><\/code><\/p>","protected":false},"excerpt":{"rendered":"<p>Fonetyka Szko\u0142a J\u0119zyk\u00f3w Obcych ul. 11 Listopada 28 05-825 Grodzisk Mazowiecki tel. 517 630 176 e-mail: fonetyka@fonetyka.info strona: www.fonetyka.info Numer konta bankowego 08 1020 1055 0000 9302 0515 1636 Godziny pracy PONIEDZIA\u0141EK &#8211; PI\u0104TEK: 15:00 &#8211; 21:00 SOBOTA: 9:00 &#8211; 13:00<\/p>\n","protected":false},"author":1,"featured_media":0,"parent":2,"menu_order":0,"comment_status":"closed","ping_status":"closed","template":"","meta":[],"_links":{"self":[{"href":"https:\/\/fonetyka.info\/index.php\/wp-json\/wp\/v2\/pages\/30"}],"collection":[{"href":"https:\/\/fonetyka.info\/index.php\/wp-json\/wp\/v2\/pages"}],"about":[{"href":"https:\/\/fonetyka.info\/index.php\/wp-json\/wp\/v2\/types\/page"}],"author":[{"embeddable":true,"href":"https:\/\/fonetyka.info\/index.php\/wp-json\/wp\/v2\/users\/1"}],"replies":[{"embeddable":true,"href":"https:\/\/fonetyka.info\/index.php\/wp-json\/wp\/v2\/comments?post=30"}],"version-history":[{"count":12,"href":"https:\/\/fonetyka.info\/index.php\/wp-json\/wp\/v2\/pages\/30\/revisions"}],"predecessor-version":[{"id":644,"href":"https:\/\/fonetyka.info\/index.php\/wp-json\/wp\/v2\/pages\/30\/revisions\/644"}],"up":[{"embeddable":true,"href":"https:\/\/fonetyka.info\/index.php\/wp-json\/wp\/v2\/pages\/2"}],"wp:attachment":[{"href":"https:\/\/fonetyka.info\/index.php\/wp-json\/wp\/v2\/media?parent=30"}],"curies":[{"name":"wp","href":"https:\/\/api.w.org\/{rel}","templated":true}]}}