{"id":526,"date":"2020-06-21T21:45:04","date_gmt":"2020-06-21T19:45:04","guid":{"rendered":"http:\/\/fonetyka.info\/?page_id=526"},"modified":"2020-06-21T23:02:22","modified_gmt":"2020-06-21T21:02:22","slug":"testy-poziomujace","status":"publish","type":"page","link":"https:\/\/fonetyka.info\/index.php\/testy-poziomujace\/","title":{"rendered":"Testy poziomuj\u0105ce"},"content":{"rendered":"\n<p>Uczy\u0142e\u015b si\u0119 ju\u017c kiedy\u015b j\u0119zyka w innej szkole j\u0119zykowej a chcia\u0142by\u015b rozpocz\u0105\u0107 nauk\u0119 w Szkole J\u0119zyk\u00f3w Obcych Fonetyka, lecz nie wiesz ile zapami\u0119ta\u0142e\u015b i na jakim obecnie jeste\u015b poziomie?<\/p>\n\n\n\n<p>Chcia\u0142by\u015b by kto\u015b pom\u00f3g\u0142 oceni\u0107 Twoje umiej\u0119tno\u015bci j\u0119zykowe i doradzi\u0142 Ci, od kt\u00f3rego poziomu wznowi\u0107 swoj\u0105 nauk\u0119 j\u0119zyka obcego ?<\/p>\n\n\n\n<p>Nie jeste\u015b jeszcze zdecydowany na&nbsp; rozpocz\u0119cie nauki i obawiasz si\u0119, \u017ce taka weryfikacja Twojej wiedzy &nbsp;w naszej szkole, b\u0119dzie zb\u0119dnym wydatkiem ?<\/p>\n\n\n\n<p>Nie przejmuj si\u0119!&nbsp; W Fonetyce wszystkim ch\u0119tnym sprawdzenia poziomu swojej znajomo\u015bci j\u0119zyka obcego, <span class=\"has-inline-color has-vivid-red-color\">udost\u0119pniamy nieodp\u0142atnie TESTY POZIOMUJ\u0104CE.<\/span><\/p>\n\n\n\n<p>Wystarczy, \u017ce napiszesz do nas maila o poni\u017cszej tre\u015bci:<\/p>\n\n\n\n<p><span class=\"has-inline-color has-vivid-cyan-blue-color\">&#8222;<em>Prosz\u0119 o przes\u0142anie mi has\u0142a do testu poziomuj\u0105cego z j\u0119zyka &#8230;&#8230;&#8230;&#8230;&#8230;&#8230;&#8230;&#8230;&#8230;..( kt\u00f3ry j\u0119zyk), dla&#8230;&#8230;&#8230;&#8230;&#8230;&#8230;&#8230;( dzieci, m\u0142odzie\u017cy, doros\u0142ych).<\/em><\/span> <em><span class=\"has-inline-color has-vivid-cyan-blue-color\">Wyra\u017cam zgod\u0119 na przesy\u0142anie do mnie informacji drog\u0105 mailow\u0105&#8221;<\/span><\/em><\/p>\n\n\n\n<p>Otrzymasz od nas HAS\u0141O, dzi\u0119ki kt\u00f3remu b\u0119dziesz m\u00f3g\u0142 &nbsp;pobra\u0107 z naszej strony test w formacie PDF. Po rozwi\u0105zaniu prze\u015blij test do nas w celu sprawdzenia. Wynik prze\u015blemy Ci w odpowiedzi na maila. <span class=\"has-inline-color has-vivid-red-color\">To r\u00f3wnie\u017c nic nie kosztuje.<\/span><\/p>\n\n\n\n<div class=\"wp-block-buttons\">\n<div class=\"wp-block-button\"><a class=\"wp-block-button__link has-background has-vivid-cyan-blue-background-color\" href=\"http:\/\/fonetyka.info\/index.php\/angielski-dla-dzieci-test-poziomujacy-fonetyka\/\" style=\"border-radius:50px\" target=\"_blank\" rel=\"noreferrer noopener\">ANGIELSKI DLA DZIECI &#8211; test poziomuj\u0105cy &#8211; FONETYKA<\/a><\/div>\n<\/div>\n\n\n\n<div class=\"wp-block-buttons\">\n<div class=\"wp-block-button\"><a class=\"wp-block-button__link has-background has-vivid-cyan-blue-background-color\" href=\"http:\/\/fonetyka.info\/index.php\/angielski-dla-mlodziezy-test-poziomujacy-fonetyka\/\" style=\"border-radius:50px\" target=\"_blank\" rel=\"noreferrer noopener\">ANGIELSKI DLA M\u0141ODZIE\u017bY &#8211; test poziomuj\u0105cy &#8211; FONETYKA<\/a><\/div>\n<\/div>\n\n\n\n<div class=\"wp-block-buttons\">\n<div class=\"wp-block-button\"><a class=\"wp-block-button__link has-background has-vivid-cyan-blue-background-color\" href=\"http:\/\/fonetyka.info\/index.php\/angielski-test-poziomujacy-fonetyka\/\" style=\"border-radius:50px\" target=\"_blank\" rel=\"noreferrer noopener\">ANGIELSKI &#8211; test poziomuj\u0105cy &#8211; FONETYKA<\/a><\/div>\n<\/div>\n\n\n\n<div class=\"wp-block-buttons\">\n<div class=\"wp-block-button\"><a class=\"wp-block-button__link\" href=\"http:\/\/fonetyka.info\/index.php\/niemiecki-dla-dzieci-test-poziomujacy-fonetyka-2\/\" style=\"border-radius:50px\" target=\"_blank\" rel=\"noreferrer noopener\">NIEMIECKI DLA DZIECI &#8211; test poziomuj\u0105cy &#8211; FONETYKA<\/a><\/div>\n<\/div>\n\n\n\n<div class=\"wp-block-buttons\">\n<div class=\"wp-block-button\"><a class=\"wp-block-button__link\" href=\"http:\/\/fonetyka.info\/index.php\/niemiecki-test-poziomujacy-fonetyka\/\" style=\"border-radius:50px\" target=\"_blank\" rel=\"noreferrer noopener\">NIEMIECKI &#8211; test poziomuj\u0105cy &#8211; FONETYKA<\/a><\/div>\n<\/div>\n\n\n\n<div class=\"wp-block-buttons\">\n<div class=\"wp-block-button\"><a class=\"wp-block-button__link has-background has-luminous-vivid-orange-background-color\" href=\"http:\/\/fonetyka.info\/index.php\/hiszpanski-dla-dzieci-test-poziomujacy-fonetyka\/\" style=\"border-radius:50px\" target=\"_blank\" rel=\"noreferrer noopener\">HISZPA\u0143SKI DLA DZIECI &#8211; test poziomuj\u0105cy &#8211; FONETYKA<\/a><\/div>\n<\/div>\n\n\n\n<div class=\"wp-block-buttons\">\n<div class=\"wp-block-button is-style-fill\"><a class=\"wp-block-button__link has-background has-luminous-vivid-orange-background-color\" href=\"http:\/\/fonetyka.info\/index.php\/hiszpanski-test-poziomujacy-fonetyka\/\" style=\"border-radius:50px\" target=\"_blank\" rel=\"noreferrer noopener\">HISZPA\u0143SKI &#8211; test poziomuj\u0105cy &#8211; FONETYKA<\/a><\/div>\n<\/div>\n\n\n\n<div class=\"wp-block-buttons\">\n<div class=\"wp-block-button is-style-fill\"><a class=\"wp-block-button__link has-text-color has-very-dark-gray-color has-background has-cyan-bluish-gray-background-color\" href=\"http:\/\/fonetyka.info\/index.php\/francuski-test-poziomujacy-fonetyka\/\" target=\"_blank\" rel=\"noreferrer noopener\">FRANCUSKI &#8211; test poziomuj\u0105cy &#8211; FONETYKA<\/a><\/div>\n<\/div>\n\n\n\n<div class=\"wp-block-buttons\">\n<div class=\"wp-block-button\"><a class=\"wp-block-button__link has-background has-vivid-green-cyan-background-color\" href=\"http:\/\/fonetyka.info\/index.php\/wloski-test-poziomujacy-fonetyka\/\" style=\"border-radius:50px\" target=\"_blank\" rel=\"noreferrer noopener\">W\u0141OSKI &#8211; test poziomuj\u0105cy &#8211; FONETYKA<\/a><\/div>\n<\/div>\n\n\n\n<div class=\"wp-block-buttons\">\n<div class=\"wp-block-button\"><a class=\"wp-block-button__link has-background has-vivid-red-background-color\" href=\"http:\/\/fonetyka.info\/index.php\/rosyjski-test-poziomujacy-fonetyka\/\" target=\"_blank\" rel=\"noreferrer noopener\">ROSYJSKI &#8211; test poziomuj\u0105cy &#8211; FONETYKA<\/a><\/div>\n<\/div>\n","protected":false},"excerpt":{"rendered":"<p>Uczy\u0142e\u015b si\u0119 ju\u017c kiedy\u015b j\u0119zyka w innej szkole j\u0119zykowej a chcia\u0142by\u015b rozpocz\u0105\u0107 nauk\u0119 w Szkole J\u0119zyk\u00f3w Obcych Fonetyka, lecz nie wiesz ile zapami\u0119ta\u0142e\u015b i na jakim obecnie jeste\u015b poziomie? Chcia\u0142by\u015b by kto\u015b pom\u00f3g\u0142 oceni\u0107 Twoje umiej\u0119tno\u015bci j\u0119zykowe i doradzi\u0142 Ci, od kt\u00f3rego poziomu wznowi\u0107 swoj\u0105 nauk\u0119 j\u0119zyka obcego ? Nie jeste\u015b jeszcze zdecydowany na&nbsp; rozpocz\u0119cie &hellip; <\/p>\n<p class=\"link-more\"><a href=\"https:\/\/fonetyka.info\/index.php\/testy-poziomujace\/\" class=\"more-link\">Czytaj dalej<span class=\"screen-reader-text\"> Testy poziomuj\u0105ce<\/span><\/a><\/p>\n","protected":false},"author":1,"featured_media":0,"parent":0,"menu_order":0,"comment_status":"closed","ping_status":"closed","template":"","meta":[],"_links":{"self":[{"href":"https:\/\/fonetyka.info\/index.php\/wp-json\/wp\/v2\/pages\/526"}],"collection":[{"href":"https:\/\/fonetyka.info\/index.php\/wp-json\/wp\/v2\/pages"}],"about":[{"href":"https:\/\/fonetyka.info\/index.php\/wp-json\/wp\/v2\/types\/page"}],"author":[{"embeddable":true,"href":"https:\/\/fonetyka.info\/index.php\/wp-json\/wp\/v2\/users\/1"}],"replies":[{"embeddable":true,"href":"https:\/\/fonetyka.info\/index.php\/wp-json\/wp\/v2\/comments?post=526"}],"version-history":[{"count":21,"href":"https:\/\/fonetyka.info\/index.php\/wp-json\/wp\/v2\/pages\/526\/revisions"}],"predecessor-version":[{"id":581,"href":"https:\/\/fonetyka.info\/index.php\/wp-json\/wp\/v2\/pages\/526\/revisions\/581"}],"wp:attachment":[{"href":"https:\/\/fonetyka.info\/index.php\/wp-json\/wp\/v2\/media?parent=526"}],"curies":[{"name":"wp","href":"https:\/\/api.w.org\/{rel}","templated":true}]}}