{"id":56,"date":"2019-07-29T14:12:09","date_gmt":"2019-07-29T12:12:09","guid":{"rendered":"http:\/\/fonetyka.info\/?page_id=56"},"modified":"2025-09-05T15:50:26","modified_gmt":"2025-09-05T13:50:26","slug":"fonetyka-cennik","status":"publish","type":"page","link":"https:\/\/fonetyka.info\/index.php\/niemiecki-angielski-hiszpanski-francuski-wloski-rosyjski-polski\/fonetyka-cennik\/","title":{"rendered":"Cennik"},"content":{"rendered":"\n<p><\/p>\n\n\n\n<p>W Szkole J\u0119zyk\u00f3w Obcych Fonetyka jednostka lekcyjna trwa 50 minut<\/p>\n\n\n\n<p>Testy poziomuj\u0105ce &#8211; BEZP\u0141ATNE<\/p>\n\n\n\n<p>Lekcje z polskim Lektorem:<\/p>\n\n\n\n<ul><li>lekcja indywidualna  &#8211; 135 PLN (cena obowi\u0105zuje do ko\u0144ca wrze\u015bnia 2025)<\/li><li>2 osoby w grupie  &#8211; 85 PLN<\/li><li>3 osoby w grupie  &#8211; 63 PLN<\/li><li>4 osoby w grupie   &#8211; 53 PLN<\/li><li>od 5 os\u00f3b w grupie  &#8211; 47 PLN<\/li><li>Cennik zaj\u0119\u0107 dla firm przygotowujemy indywidualnie<\/li><\/ul>\n\n\n\n<p>Lekcje z Native Speaker:<\/p>\n\n\n\n<ul><li> lekcja indywidualna  &#8211; 145 PLN (cena obowi\u0105zuje do ko\u0144ca wrze\u015bnia 2025)<\/li><li> 2 osoby w grupie  &#8211; 95 PLN <\/li><li> 3 osoby w grupie  &#8211; 73 PLN<\/li><li>  4 osoby w grupie   &#8211; 63 PLN <\/li><li> od 5 os\u00f3b w grupie  &#8211; 57 PLN <\/li><\/ul>\n\n\n\n<p>\n\n\n\n\n\n\n\n\n\n\n\n\n\n\n\n\n\nPodr\u0119czniki do nauki Metod\u0105 Bezpo\u015bredniej Komunikacji\n*\n\n\n\n<\/p>\n\n\n\n<ul><li>dla dzieci  &#8211; 69 PLN<\/li><li>dla m\u0142odzie\u017cy i doros\u0142ych  &#8211;  89 PLN<\/li><\/ul>\n\n\n\n<p>*DIRECT COMMUNICATION METHOD (Metoda Bezpo\u015bredniej Komunikacji) bazuje na naturalnym procesie pos\u0142ugiwania si\u0119 j\u0119zykiem. Jej celem jest nauczenie komunikacji w j\u0119zyku obcym w spos\u00f3b spontaniczny.<\/p>\n\n\n\n<p><\/p>\n\n\n\n<h2>Mo\u017cecie uczestniczy\u0107 w lekcjach stacjonarnie lub zdalnie<\/h2>\n\n\n\n<figure class=\"wp-block-image size-large\"><img loading=\"lazy\" width=\"1024\" height=\"742\" src=\"http:\/\/fonetyka.info\/wp-content\/uploads\/2020\/03\/FONETYKA_ON-LINE_google_MA\u0141Y-1024x742.jpg\" alt=\"Kursy j\u0119zykowe dost\u0119pne metod\u0105 zdaln\u0105 to: angielski on-line, niemiecki on-line, hiszpa\u0144ski on-line, francuski on-line, rosyjski on-line, w\u0142oski on-line, korea\u0144ski on-line.\" class=\"wp-image-382\" srcset=\"https:\/\/fonetyka.info\/wp-content\/uploads\/2020\/03\/FONETYKA_ON-LINE_google_MA\u0141Y-1024x742.jpg 1024w, https:\/\/fonetyka.info\/wp-content\/uploads\/2020\/03\/FONETYKA_ON-LINE_google_MA\u0141Y-300x217.jpg 300w, https:\/\/fonetyka.info\/wp-content\/uploads\/2020\/03\/FONETYKA_ON-LINE_google_MA\u0141Y-768x556.jpg 768w, https:\/\/fonetyka.info\/wp-content\/uploads\/2020\/03\/FONETYKA_ON-LINE_google_MA\u0141Y.jpg 1142w\" sizes=\"(max-width: 767px) 89vw, (max-width: 1000px) 54vw, (max-width: 1071px) 543px, 580px\" \/><figcaption>Kiedy nie mo\u017cesz uczestniczy\u0107 w lekcji stacjonarnej wybierz NAUCZANIE ZDALNE<\/figcaption><\/figure>\n\n\n\n<p><\/p>\n","protected":false},"excerpt":{"rendered":"<p>W Szkole J\u0119zyk\u00f3w Obcych Fonetyka jednostka lekcyjna trwa 50 minut Testy poziomuj\u0105ce &#8211; BEZP\u0141ATNE Lekcje z polskim Lektorem: lekcja indywidualna &#8211; 135 PLN (cena obowi\u0105zuje do ko\u0144ca wrze\u015bnia 2025) 2 osoby w grupie &#8211; 85 PLN 3 osoby w grupie &#8211; 63 PLN 4 osoby w grupie &#8211; 53 PLN od 5 os\u00f3b w grupie &hellip; <\/p>\n<p class=\"link-more\"><a href=\"https:\/\/fonetyka.info\/index.php\/niemiecki-angielski-hiszpanski-francuski-wloski-rosyjski-polski\/fonetyka-cennik\/\" class=\"more-link\">Czytaj dalej<span class=\"screen-reader-text\"> Cennik<\/span><\/a><\/p>\n","protected":false},"author":1,"featured_media":0,"parent":2,"menu_order":0,"comment_status":"closed","ping_status":"closed","template":"","meta":[],"_links":{"self":[{"href":"https:\/\/fonetyka.info\/index.php\/wp-json\/wp\/v2\/pages\/56"}],"collection":[{"href":"https:\/\/fonetyka.info\/index.php\/wp-json\/wp\/v2\/pages"}],"about":[{"href":"https:\/\/fonetyka.info\/index.php\/wp-json\/wp\/v2\/types\/page"}],"author":[{"embeddable":true,"href":"https:\/\/fonetyka.info\/index.php\/wp-json\/wp\/v2\/users\/1"}],"replies":[{"embeddable":true,"href":"https:\/\/fonetyka.info\/index.php\/wp-json\/wp\/v2\/comments?post=56"}],"version-history":[{"count":32,"href":"https:\/\/fonetyka.info\/index.php\/wp-json\/wp\/v2\/pages\/56\/revisions"}],"predecessor-version":[{"id":707,"href":"https:\/\/fonetyka.info\/index.php\/wp-json\/wp\/v2\/pages\/56\/revisions\/707"}],"up":[{"embeddable":true,"href":"https:\/\/fonetyka.info\/index.php\/wp-json\/wp\/v2\/pages\/2"}],"wp:attachment":[{"href":"https:\/\/fonetyka.info\/index.php\/wp-json\/wp\/v2\/media?parent=56"}],"curies":[{"name":"wp","href":"https:\/\/api.w.org\/{rel}","templated":true}]}}